{"id":8,"date":"2017-08-14T08:05:43","date_gmt":"2017-08-14T08:05:43","guid":{"rendered":"http:\/\/kmk-schwandorf.de\/?page_id=8"},"modified":"2026-02-06T09:03:58","modified_gmt":"2026-02-06T09:03:58","slug":"kmk-foerdervereinigung","status":"publish","type":"page","link":"https:\/\/kmk-schwandorf.de\/?page_id=8","title":{"rendered":"KMK-F\u00f6rdervereinigung"},"content":{"rendered":"\n<h2 class=\"wp-block-heading\">Wir machen  <span style=\"color: #312978; font-size: 48px;\">K<\/span>ultur. <br>Wir machen <span style=\"color: #ff0002; font-size: 48px;\">M<\/span>usik. <br>Wir machen <span style=\"color: #312978; font-size: 48px;\">K<\/span>onzerte.<\/h2>\n\n\n\n<p>Wir sind ein Musik begeisterter Kulturverein mit Sitz in Schwandorf.<\/p>\n\n\n\n<p>Unser Namensgeber Konrad Max Kunz, 1812 in Schwandorf geboren, war Komponist, Musikp\u00e4dagoge und einer der f\u00fchrenden Vertreter der Chor- und S\u00e4ngerbewegung des 19. Jahrhunderts. 1860 hat er die Melodie der sp\u00e4teren Bayernhymne komponiert.<\/p>\n\n\n\n<p>Wir sind mit unseren Konzerten ein wichtiger Bestandteil des Schwandorfer Kulturlebens. Als Partner der Stadt beteiligten wir uns in den vergangenen Jahren auf vielf\u00e4ltige Weise an den Konrad Max Kunz Tagen, einem Musik- und Kulturfestival, das an unseren Namensgeber erinnern sollte.<\/p>\n\n\n\n<p><\/p>\n\n\n\n<p><\/p>\n","protected":false},"excerpt":{"rendered":"<p>Wir machen Kultur. Wir machen Musik. Wir machen Konzerte. Wir sind ein Musik begeisterter Kulturverein mit Sitz in Schwandorf. Unser Namensgeber Konrad Max Kunz, 1812 in Schwandorf geboren, war Komponist, &#8230;<\/p>\n","protected":false},"author":1,"featured_media":0,"parent":0,"menu_order":0,"comment_status":"closed","ping_status":"closed","template":"","meta":{"footnotes":""},"class_list":["post-8","page","type-page","status-publish","hentry"],"_links":{"self":[{"href":"https:\/\/kmk-schwandorf.de\/index.php?rest_route=\/wp\/v2\/pages\/8","targetHints":{"allow":["GET"]}}],"collection":[{"href":"https:\/\/kmk-schwandorf.de\/index.php?rest_route=\/wp\/v2\/pages"}],"about":[{"href":"https:\/\/kmk-schwandorf.de\/index.php?rest_route=\/wp\/v2\/types\/page"}],"author":[{"embeddable":true,"href":"https:\/\/kmk-schwandorf.de\/index.php?rest_route=\/wp\/v2\/users\/1"}],"replies":[{"embeddable":true,"href":"https:\/\/kmk-schwandorf.de\/index.php?rest_route=%2Fwp%2Fv2%2Fcomments&post=8"}],"version-history":[{"count":14,"href":"https:\/\/kmk-schwandorf.de\/index.php?rest_route=\/wp\/v2\/pages\/8\/revisions"}],"predecessor-version":[{"id":897,"href":"https:\/\/kmk-schwandorf.de\/index.php?rest_route=\/wp\/v2\/pages\/8\/revisions\/897"}],"wp:attachment":[{"href":"https:\/\/kmk-schwandorf.de\/index.php?rest_route=%2Fwp%2Fv2%2Fmedia&parent=8"}],"curies":[{"name":"wp","href":"https:\/\/api.w.org\/{rel}","templated":true}]}}