{"id":22,"date":"2017-08-14T08:08:10","date_gmt":"2017-08-14T08:08:10","guid":{"rendered":"http:\/\/kmk-schwandorf.de\/?page_id=22"},"modified":"2026-02-09T12:00:24","modified_gmt":"2026-02-09T12:00:24","slug":"impressum","status":"publish","type":"page","link":"https:\/\/kmk-schwandorf.de\/?page_id=22","title":{"rendered":"Impressum"},"content":{"rendered":"<h3><strong>Konrad Max Kunz F\u00f6rdervereinigung e.V.<\/strong><\/h3>\n<p>vertreten durch den\u00a01. Vorsitzenden\u00a0<\/p>\n<p><b>Ian Owen<br \/><\/b>Ernst-Reuter-Str. 8<br \/>93133 Burglengenfeld<br \/>Mobil: 0151-21269814<\/p>\n<p>Verantwortlich f\u00fcr den Inhalt der Website der\u00a0<b>Konrad Max Kunz F\u00f6rdervereinigung e.V.<br \/><\/b>vertreten durch den\u00a01. Vorsitzenden\u00a0<\/p>\n<p>Ian Owen<br \/>Ernst-Reuter-Str. 8<br \/>93133 Burglengenfeld<br \/>Mobil: 0151-21269814<\/p>\n<p>Eingetragen im Vereinsregister Nr. VR 10422 im Amtsgericht Amberg.<\/p>\n<p>E-Mail: <a href=\"mailto:ian.owen@kmk-schwandorf.de\">ian.owen@kmk-schwandorf.de<\/a><\/p>\n<p>Soweit nicht anders vermerkt liegen alle Rechte an Texten, Fotos und Tondateien dieser Website bei der Konrad Max Kunz F\u00f6rdervereinigung e. V. in Schwandorf. Die Verwendung dieser Daten bedarf der schriftlichen Nutzungserlaubnis des Vereins.<\/p>\n<p>Haftungshinweis: Trotz sorgf\u00e4ltiger Kontrolle \u00fcbernehmen wir keine Haftung f\u00fcr die Inhalte externer Links, die sich auf dieser Website befinden. F\u00fcr die Inhalte der verlinkten Seiten sind ausschlie\u00dflich deren Betreiber verantwortlich.2<\/p>\n\n\n<p><\/p>\n","protected":false},"excerpt":{"rendered":"<p>Konrad Max Kunz F\u00f6rdervereinigung e.V. vertreten durch den\u00a01. Vorsitzenden\u00a0 Ian OwenErnst-Reuter-Str. 893133 BurglengenfeldMobil: 0151-21269814 Verantwortlich f\u00fcr den Inhalt der Website der\u00a0Konrad Max Kunz F\u00f6rdervereinigung e.V.vertreten durch den\u00a01. Vorsitzenden\u00a0 Ian OwenErnst-Reuter-Str. &#8230;<\/p>\n","protected":false},"author":1,"featured_media":0,"parent":0,"menu_order":0,"comment_status":"closed","ping_status":"closed","template":"","meta":{"footnotes":""},"class_list":["post-22","page","type-page","status-publish","hentry"],"_links":{"self":[{"href":"https:\/\/kmk-schwandorf.de\/index.php?rest_route=\/wp\/v2\/pages\/22","targetHints":{"allow":["GET"]}}],"collection":[{"href":"https:\/\/kmk-schwandorf.de\/index.php?rest_route=\/wp\/v2\/pages"}],"about":[{"href":"https:\/\/kmk-schwandorf.de\/index.php?rest_route=\/wp\/v2\/types\/page"}],"author":[{"embeddable":true,"href":"https:\/\/kmk-schwandorf.de\/index.php?rest_route=\/wp\/v2\/users\/1"}],"replies":[{"embeddable":true,"href":"https:\/\/kmk-schwandorf.de\/index.php?rest_route=%2Fwp%2Fv2%2Fcomments&post=22"}],"version-history":[{"count":32,"href":"https:\/\/kmk-schwandorf.de\/index.php?rest_route=\/wp\/v2\/pages\/22\/revisions"}],"predecessor-version":[{"id":910,"href":"https:\/\/kmk-schwandorf.de\/index.php?rest_route=\/wp\/v2\/pages\/22\/revisions\/910"}],"wp:attachment":[{"href":"https:\/\/kmk-schwandorf.de\/index.php?rest_route=%2Fwp%2Fv2%2Fmedia&parent=22"}],"curies":[{"name":"wp","href":"https:\/\/api.w.org\/{rel}","templated":true}]}}