{"id":18,"date":"2017-08-14T08:07:50","date_gmt":"2017-08-14T08:07:50","guid":{"rendered":"http:\/\/kmk-schwandorf.de\/?page_id=18"},"modified":"2023-07-04T11:07:36","modified_gmt":"2023-07-04T11:07:36","slug":"projekte","status":"publish","type":"page","link":"https:\/\/kmk-schwandorf.de\/?page_id=18","title":{"rendered":"\u00dcber Uns"},"content":{"rendered":"\n<p><\/p>\n\n\n\n<p>Die <strong>Konrad Max Kunz F\u00f6rdervereinigung e.V.<\/strong> ist mit ihren Konzerten und Auftritten ein wichtiger Bestandteil des Schwandorfer Kulturlebens.<\/p>\n\n\n\n<figure class=\"wp-block-image size-large\"><img fetchpriority=\"high\" decoding=\"async\" width=\"1024\" height=\"601\" src=\"https:\/\/kmk-schwandorf.de\/wp-content\/uploads\/2023\/03\/Oratorienchor-Schwandorf-Foto-Peter-Mayer-Publicmagazin-1024x601.jpg\" alt=\"\" class=\"wp-image-481\" srcset=\"https:\/\/kmk-schwandorf.de\/wp-content\/uploads\/2023\/03\/Oratorienchor-Schwandorf-Foto-Peter-Mayer-Publicmagazin-1024x601.jpg 1024w, https:\/\/kmk-schwandorf.de\/wp-content\/uploads\/2023\/03\/Oratorienchor-Schwandorf-Foto-Peter-Mayer-Publicmagazin-300x176.jpg 300w, https:\/\/kmk-schwandorf.de\/wp-content\/uploads\/2023\/03\/Oratorienchor-Schwandorf-Foto-Peter-Mayer-Publicmagazin-768x451.jpg 768w, https:\/\/kmk-schwandorf.de\/wp-content\/uploads\/2023\/03\/Oratorienchor-Schwandorf-Foto-Peter-Mayer-Publicmagazin-1536x902.jpg 1536w, https:\/\/kmk-schwandorf.de\/wp-content\/uploads\/2023\/03\/Oratorienchor-Schwandorf-Foto-Peter-Mayer-Publicmagazin.jpg 2048w\" sizes=\"(max-width: 1024px) 100vw, 1024px\" \/><figcaption class=\"wp-element-caption\"><strong>Oratorienchor Schwandorf   <\/strong>  <br>Bild: Peter Mayer Publicmagazin<\/figcaption><\/figure>\n\n\n\n<p><\/p>\n\n\n\n<p><\/p>\n\n\n\n<p><\/p>\n\n\n\n<p><\/p>\n\n\n\n<h3 class=\"wp-block-heading\">ORATORIENCHOR<\/h3>\n\n\n\n<p><\/p>\n\n\n\n<p>Der Oratorienchor Schwandorf ist das Aush\u00e4ngeschild der Konrad Max Kunz F\u00f6rdervereinigung. <br><br>Er wurde im Jahr 2000 von Robert Schander gegr\u00fcndet. Nach Robert Schanders Tod, 2010, \u00fcbernahm Marek Vorlicek die Leitung. Seit 2014 f\u00fchrt Kreiskantor, Chorleiter und Dirigent Wolfgang Kraus Regie.<br><br>Der Oratorienchor widmet sich (wie der Namen schon sagt) vornehmlich der gro\u00dfen europ\u00e4ischen Oratorienliteratur. Hier ein paar Beispiele:<br>J. S. Bachs &#8222;Weihnachtsoratorium&#8220;, H\u00e4ndels &#8222;Messias&#8220;, Requiems von Mozart und Brahms, Orffs &#8222;Carmina Burana&#8220; sowie kleinere Werke wie Vivaldis &#8222;Gloria&#8220; und Charpentiers &#8222;Te Deum&#8220;.<br><br>Im zwanzigsten Jahr seines Bestehens wurde der Oratorienchor mit Ausbruch der Corona-Pandemie konfrontiert. Trotz widriger Umst\u00e4nde, gingen die Chorproben weiter und die Konzertreihe setzte sich 2021 mit Rossinis &#8222;Petite Messe solennelle&#8220; fort.<br><br>Im Sommer 2022 wagte der Oratorienchor, zum ersten Mal in seiner Geschichte, den Schritt in die Welt der Oper. Mit Bravour.<br><br>Mal sehen, was die Zukunft bringt!<\/p>\n\n\n\n<figure class=\"wp-block-image size-large\"><img decoding=\"async\" width=\"1024\" height=\"683\" src=\"https:\/\/kmk-schwandorf.de\/wp-content\/uploads\/2020\/07\/KRAUS-2-1024x683.jpg\" alt=\"\" class=\"wp-image-298\" srcset=\"https:\/\/kmk-schwandorf.de\/wp-content\/uploads\/2020\/07\/KRAUS-2-1024x683.jpg 1024w, https:\/\/kmk-schwandorf.de\/wp-content\/uploads\/2020\/07\/KRAUS-2-300x200.jpg 300w, https:\/\/kmk-schwandorf.de\/wp-content\/uploads\/2020\/07\/KRAUS-2-768x512.jpg 768w, https:\/\/kmk-schwandorf.de\/wp-content\/uploads\/2020\/07\/KRAUS-2-1536x1025.jpg 1536w, https:\/\/kmk-schwandorf.de\/wp-content\/uploads\/2020\/07\/KRAUS-2-2048x1367.jpg 2048w\" sizes=\"(max-width: 1024px) 100vw, 1024px\" \/><figcaption class=\"wp-element-caption\">Wolfgang Kraus<\/figcaption><\/figure>\n","protected":false},"excerpt":{"rendered":"<p>Die Konrad Max Kunz F\u00f6rdervereinigung e.V. ist mit ihren Konzerten und Auftritten ein wichtiger Bestandteil des Schwandorfer Kulturlebens. ORATORIENCHOR Der Oratorienchor Schwandorf ist das Aush\u00e4ngeschild der Konrad Max Kunz F\u00f6rdervereinigung. &#8230;<\/p>\n","protected":false},"author":1,"featured_media":0,"parent":0,"menu_order":0,"comment_status":"closed","ping_status":"closed","template":"","meta":{"footnotes":""},"class_list":["post-18","page","type-page","status-publish","hentry"],"_links":{"self":[{"href":"https:\/\/kmk-schwandorf.de\/index.php?rest_route=\/wp\/v2\/pages\/18","targetHints":{"allow":["GET"]}}],"collection":[{"href":"https:\/\/kmk-schwandorf.de\/index.php?rest_route=\/wp\/v2\/pages"}],"about":[{"href":"https:\/\/kmk-schwandorf.de\/index.php?rest_route=\/wp\/v2\/types\/page"}],"author":[{"embeddable":true,"href":"https:\/\/kmk-schwandorf.de\/index.php?rest_route=\/wp\/v2\/users\/1"}],"replies":[{"embeddable":true,"href":"https:\/\/kmk-schwandorf.de\/index.php?rest_route=%2Fwp%2Fv2%2Fcomments&post=18"}],"version-history":[{"count":22,"href":"https:\/\/kmk-schwandorf.de\/index.php?rest_route=\/wp\/v2\/pages\/18\/revisions"}],"predecessor-version":[{"id":501,"href":"https:\/\/kmk-schwandorf.de\/index.php?rest_route=\/wp\/v2\/pages\/18\/revisions\/501"}],"wp:attachment":[{"href":"https:\/\/kmk-schwandorf.de\/index.php?rest_route=%2Fwp%2Fv2%2Fmedia&parent=18"}],"curies":[{"name":"wp","href":"https:\/\/api.w.org\/{rel}","templated":true}]}}